{"id":295,"date":"2015-08-13T16:56:19","date_gmt":"2015-08-13T14:56:19","guid":{"rendered":"http:\/\/portail.pmoreau.ac-reunion.fr\/wordpress\/mathsts\/?page_id=295"},"modified":"2015-08-13T18:10:53","modified_gmt":"2015-08-13T16:10:53","slug":"mathematiques","status":"publish","type":"page","link":"https:\/\/portail.pmoreau.ac-reunion.fr\/wordpress\/mathsts\/mathematiques\/","title":{"rendered":"Pr\u00e9sentation du blog"},"content":{"rendered":"<p>Chaque semaine, un \u00e9l\u00e8ve est responsable de poster un article \u00e0 la suite de chaque cours (le soir chez lui). Dans cet article, il doit d\u00e9tailler, de fa\u00e7on factuel, ce qui s\u2019est pass\u00e9 (cahier de texte), puis expliciter ce qu\u2019il en \u00e0 retenu afin de construire ses propres repr\u00e9sentations des notions \u00e9tudi\u00e9es.<\/p>\n<p>Chacun de ses camarade doit poster ensuite un commentaire afin de compl\u00e9ter et personnaliser les repr\u00e9sentations. Ce lieu sera un lieu d\u2019expression libre, dans la limite du respect de chacun.<\/p>\n<p>Au bout d\u2019une semaine (chaque lundi), le professeur fait le point (10 minutes) avec les \u00e9l\u00e8ves sur ce qui s\u2019est pass\u00e9 la semaine pr\u00e9c\u00e9dente et ce qui en a \u00e9t\u00e9 retenu, en parcourant en classe les articles et commentaires du blog.<\/p>\n<p>\u00e0 vos claviers\u2026<\/p>\n","protected":false},"excerpt":{"rendered":"<p>Chaque semaine, un \u00e9l\u00e8ve est responsable de poster un article \u00e0 la suite de chaque cours (le soir chez lui). Dans cet article, il doit d\u00e9tailler, de fa\u00e7on factuel, ce qui s\u2019est pass\u00e9 (cahier de texte), puis expliciter ce qu\u2019il en \u00e0 retenu afin de construire ses propres repr\u00e9sentations des notions \u00e9tudi\u00e9es. Chacun de ses [&hellip;]<\/p>\n","protected":false},"author":16,"featured_media":0,"parent":0,"menu_order":0,"comment_status":"open","ping_status":"open","template":"","meta":{"_links_to":"","_links_to_target":""},"_links":{"self":[{"href":"https:\/\/portail.pmoreau.ac-reunion.fr\/wordpress\/mathsts\/wp-json\/wp\/v2\/pages\/295"}],"collection":[{"href":"https:\/\/portail.pmoreau.ac-reunion.fr\/wordpress\/mathsts\/wp-json\/wp\/v2\/pages"}],"about":[{"href":"https:\/\/portail.pmoreau.ac-reunion.fr\/wordpress\/mathsts\/wp-json\/wp\/v2\/types\/page"}],"author":[{"embeddable":true,"href":"https:\/\/portail.pmoreau.ac-reunion.fr\/wordpress\/mathsts\/wp-json\/wp\/v2\/users\/16"}],"replies":[{"embeddable":true,"href":"https:\/\/portail.pmoreau.ac-reunion.fr\/wordpress\/mathsts\/wp-json\/wp\/v2\/comments?post=295"}],"version-history":[{"count":2,"href":"https:\/\/portail.pmoreau.ac-reunion.fr\/wordpress\/mathsts\/wp-json\/wp\/v2\/pages\/295\/revisions"}],"predecessor-version":[{"id":302,"href":"https:\/\/portail.pmoreau.ac-reunion.fr\/wordpress\/mathsts\/wp-json\/wp\/v2\/pages\/295\/revisions\/302"}],"wp:attachment":[{"href":"https:\/\/portail.pmoreau.ac-reunion.fr\/wordpress\/mathsts\/wp-json\/wp\/v2\/media?parent=295"}],"curies":[{"name":"wp","href":"https:\/\/api.w.org\/{rel}","templated":true}]}}